{"id":201,"date":"2019-06-05T17:30:13","date_gmt":"2019-06-05T15:30:13","guid":{"rendered":"http:\/\/www.praxis-wohlgenannt.at\/2\/?page_id=201"},"modified":"2024-10-27T19:12:54","modified_gmt":"2024-10-27T18:12:54","slug":"impfen","status":"publish","type":"page","link":"https:\/\/www.praxis-wohlgenannt.at\/2\/impfen\/","title":{"rendered":"IMPFEN"},"content":{"rendered":"\n<p>In \u00d6sterreich gibt es eine Impfempfehlung, keine Impfpflicht. Die Eltern k\u00f6nnen im Rahmen eines Gespr\u00e4ches und mithilfe von Informationsmaterial selbst entscheiden, ob sie die kostenlosen Basisimpfungen (11 Grund -und Auffrischimpfungen bis zum 14. Lebensmonat gegen 8 verschiedene Krankheiten, weitere 5 Auffrisch- und Basisimpfungen zwischen 6.-12. Lebensjahr f\u00fcr 7 Erkrankungen) in Anspruch nehmen. <\/p>\n\n\n\n<p>Ich bin f\u00fcr Impfungen, habe meine Kinder und mich auch geimpft bzw. mache regelm\u00e4\u00dfige Auffrischimpfungen. Impfungen wirken, k\u00f6nnen deshalb sicher auch einmal Nebenwirkungen haben. In meiner 20-j\u00e4hrigen T\u00e4tigkeit als Impfarzt und ca. 15 000 Impfungen habe ich jedoch nur 1 x eine relevante Nebenwirkung erlebt, die sich wieder gebessert hat. Impfreaktionen wie Fieber, Unwohlsein sind davon zu unterscheiden, kommen nat\u00fcrlich schon immer wieder vor, treten aber nur \u00fcber 2-3 Tage nach einer Impfung auf und bessern spontan oder auf Schmerz- und Fiebermedikation.<\/p>\n\n\n\n<p>Hinweis: Unter <a href=\"https:\/\/www.rund-ums-impfen.at\/\">https:\/\/www.rund-ums-impfen.at\/<\/a> k\u00f6nnen Sie ihre Fragen rund um das Thema Impfen bei Kleinkindern stellen. Die 10 h\u00e4ufigsten Fragen werden dann beantwortet.<\/p>\n\n\n\n<p>Weiteres m\u00f6chte ich auf die Impfaktion f\u00fcr den Impfstoff Bexero, der f\u00fcr die Impfung gegen die Meningokokken der Gruppe B zugelassen ist, verweisen. Diese Impfaktion gilt f\u00fcr Kinder im ersten Lebensjahr. Sie erhalten hiermit den Impfstoff in allen Apotheken in Vorarlberg um den Aktionspreis von 85 \u20ac (Normalpreis 145 \u20ac).<br><\/p>\n\n\n\n<p><a href=\"https:\/\/www.sozialministerium.at\/dam\/jcr:41b79244-8501-4710-8837-e4cfa56878de\/%C3%9Cbersichtstabelle%20Impfplan%20%C3%96sterreich%202024-2025.pdf\" target=\"_blank\" rel=\"noopener\">Aktueller Impfplan \u00d6sterreich &#8211; Download (PDF)<\/a><\/p>\n\n\n\n<p><a href=\"https:\/\/www.praxis-wohlgenannt.at\/2\/?page_id=35\">Zur\u00fcck zu den Leistungen<\/a><br><\/p>\n","protected":false},"excerpt":{"rendered":"<p>In \u00d6sterreich gibt es eine Impfempfehlung, keine Impfpflicht. Die Eltern k\u00f6nnen im Rahmen eines Gespr\u00e4ches und mithilfe von Informationsmaterial selbst entscheiden, ob sie die kostenlosen Basisimpfungen (11 Grund -und Auffrischimpfungen bis zum 14. Lebensmonat gegen 8 verschiedene Krankheiten, weitere 5 Auffrisch- und Basisimpfungen zwischen 6.-12. Lebensjahr f\u00fcr 7 Erkrankungen) in Anspruch nehmen. Ich bin f\u00fcr Impfungen, habe meine Kinder und<\/p>\n<p><a class=\"more-link\" href=\"https:\/\/www.praxis-wohlgenannt.at\/2\/impfen\/\">Weiterlesen<\/a><\/p>\n","protected":false},"author":1,"featured_media":0,"parent":0,"menu_order":0,"comment_status":"closed","ping_status":"closed","template":"","meta":{"footnotes":""},"_links":{"self":[{"href":"https:\/\/www.praxis-wohlgenannt.at\/2\/wp-json\/wp\/v2\/pages\/201"}],"collection":[{"href":"https:\/\/www.praxis-wohlgenannt.at\/2\/wp-json\/wp\/v2\/pages"}],"about":[{"href":"https:\/\/www.praxis-wohlgenannt.at\/2\/wp-json\/wp\/v2\/types\/page"}],"author":[{"embeddable":true,"href":"https:\/\/www.praxis-wohlgenannt.at\/2\/wp-json\/wp\/v2\/users\/1"}],"replies":[{"embeddable":true,"href":"https:\/\/www.praxis-wohlgenannt.at\/2\/wp-json\/wp\/v2\/comments?post=201"}],"version-history":[{"count":13,"href":"https:\/\/www.praxis-wohlgenannt.at\/2\/wp-json\/wp\/v2\/pages\/201\/revisions"}],"predecessor-version":[{"id":680,"href":"https:\/\/www.praxis-wohlgenannt.at\/2\/wp-json\/wp\/v2\/pages\/201\/revisions\/680"}],"wp:attachment":[{"href":"https:\/\/www.praxis-wohlgenannt.at\/2\/wp-json\/wp\/v2\/media?parent=201"}],"curies":[{"name":"wp","href":"https:\/\/api.w.org\/{rel}","templated":true}]}}

<p>In Österreich gibt es eine Impfempfehlung, keine Impfpflicht. Die Eltern können im Rahmen eines Gespräches und mithilfe von Informationsmaterial selbst entscheiden, ob sie die kostenlosen Basisimpfungen (11 Grund -und Auffrischimpfungen bis zum 14. Lebensmonat gegen 8 verschiedene Krankheiten, weitere 5 Auffrisch- und Basisimpfungen zwischen 6.-12. Lebensjahr für 7 Erkrankungen) in Anspruch nehmen. </p>



<p>Ich bin für Impfungen, habe meine Kinder und mich auch geimpft bzw. mache regelmäßige Auffrischimpfungen. Impfungen wirken, können deshalb sicher auch einmal Nebenwirkungen haben. In meiner 20-jährigen Tätigkeit als Impfarzt und ca. 15 000 Impfungen habe ich jedoch nur 1 x eine relevante Nebenwirkung erlebt, die sich wieder gebessert hat. Impfreaktionen wie Fieber, Unwohlsein sind davon zu unterscheiden, kommen natürlich schon immer wieder vor, treten aber nur über 2-3 Tage nach einer Impfung auf und bessern spontan oder auf Schmerz- und Fiebermedikation.</p>



<p>Hinweis: Unter <a href="https://www.rund-ums-impfen.at/">https://www.rund-ums-impfen.at/</a> können Sie ihre Fragen rund um das Thema Impfen bei Kleinkindern stellen. Die 10 häufigsten Fragen werden dann beantwortet.</p>



<p>Weiteres möchte ich auf die Impfaktion für den Impfstoff Bexero, der für die Impfung gegen die Meningokokken der Gruppe B zugelassen ist, verweisen. Diese Impfaktion gilt für Kinder im ersten Lebensjahr. Sie erhalten hiermit den Impfstoff in allen Apotheken in Vorarlberg um den Aktionspreis von 85 € (Normalpreis 145 €).<br></p>



<p><a href="https://www.sozialministerium.at/dam/jcr:41b79244-8501-4710-8837-e4cfa56878de/%C3%9Cbersichtstabelle%20Impfplan%20%C3%96sterreich%202024-2025.pdf" target="_blank" rel="noopener">Aktueller Impfplan Österreich &#8211; Download (PDF)</a></p>



<p><a href="https://www.praxis-wohlgenannt.at/2/?page_id=35">Zurück zu den Leistungen</a><br></p>

<p>In Österreich gibt es eine Impfempfehlung, keine Impfpflicht. Die Eltern können im Rahmen eines Gespräches und mithilfe von Informationsmaterial selbst entscheiden, ob sie die kostenlosen Basisimpfungen (11 Grund -und Auffrischimpfungen bis zum 14. Lebensmonat gegen 8 verschiedene Krankheiten, weitere 5 Auffrisch- und Basisimpfungen zwischen 6.-12. Lebensjahr für 7 Erkrankungen) in Anspruch nehmen. Ich bin für Impfungen, habe meine Kinder und</p>
<p><a class="more-link" href="https://www.praxis-wohlgenannt.at/2/impfen/">Weiterlesen</a></p>
