{"id":35,"date":"2019-02-09T18:03:11","date_gmt":"2019-02-09T17:03:11","guid":{"rendered":"http:\/\/www.praxis-wohlgenannt.at\/2\/?page_id=35"},"modified":"2023-09-06T19:41:46","modified_gmt":"2023-09-06T17:41:46","slug":"meine-leistungen","status":"publish","type":"page","link":"https:\/\/www.praxis-wohlgenannt.at\/2\/meine-leistungen\/","title":{"rendered":"LEISTUNGEN"},"content":{"rendered":"\n<p>Prim\u00e4re Anlaufstelle f\u00fcr Erkrankungen im Kindes -und Jugendalter, Kooperation bei Bedarf mit anderen Kinderarzt Kollegen (Herzultraschall, Kinderneurologie und \u2013psychiatrie), Fach\u00e4rzten anderer Fachrichtungen (HNO, Haut, Augen, R\u00f6ntgen, Orthop\u00e4die) und den Kinderabteilungen im Land.<\/p>\n\n\n\n<ul>\n<li>Mutter-Kind-Pass Untersuchungen bis zum 5. Lebensjahr.<\/li>\n\n\n\n<li> Vorsorgeuntersuchung f\u00fcr Sch\u00fcler und Jugendliche <\/li>\n\n\n\n<li> Basissportuntersuchung mit Fingerblutabnahme, Harnkontrolle, EKG <\/li>\n\n\n\n<li><a href=\"https:\/\/www.praxis-wohlgenannt.at\/2\/?page_id=201\" style=\"text-decoration: underline;\">Impfungen<\/a><\/li>\n\n\n\n<li>Allergieabkl\u00e4rung: Pollen, Tierhaar, Nahrungsmittel, Gluten (Z\u00f6liakie)<\/li>\n\n\n\n<li> Ultraschall: Bauch, Lunge, Lymphknoten, H\u00fcften, Nieren<\/li>\n\n\n\n<li>Lungenfunktionstest<\/li>\n\n\n\n<li> Labor: Blut, Harn, Rachenabstrich, Stuhlprobe <\/li>\n<\/ul>\n\n\n\n<h3 class=\"wp-block-heading\">SPEZIELLE LEISTUNGEN<\/h3>\n\n\n\n<ul style=\"text-decoration: underline;\"><li><a href=\"https:\/\/www.praxis-wohlgenannt.at\/2\/?page_id=191\">Basisuntersuchung bei wiederkehrenden und\/oder anhaltenden Schmerzen, z.B Bauchschmerzen, Kopfschmerzen<\/a><\/li><li><a href=\"https:\/\/www.praxis-wohlgenannt.at\/2\/?page_id=193\">N\u00e4chtliches Einn\u00e4ssen (Enuresis nocturna)<\/a><\/li><li><a href=\"https:\/\/www.praxis-wohlgenannt.at\/2\/?page_id=196\">Verstopfung\/Einkoten<\/a><\/li><li><a href=\"https:\/\/www.praxis-wohlgenannt.at\/2\/?page_id=198\">\u00dcbergewicht\/Adipositas<\/a><\/li><li><a href=\"https:\/\/www.praxis-wohlgenannt.at\/2\/?page_id=201\">Impfen<\/a><\/li><\/ul>\n\n\n\n<p><\/p>\n","protected":false},"excerpt":{"rendered":"<p>Prim\u00e4re Anlaufstelle f\u00fcr Erkrankungen im Kindes -und Jugendalter, Kooperation bei Bedarf mit anderen Kinderarzt Kollegen (Herzultraschall, Kinderneurologie und \u2013psychiatrie), Fach\u00e4rzten anderer Fachrichtungen (HNO, Haut, Augen, R\u00f6ntgen, Orthop\u00e4die) und den Kinderabteilungen im Land. SPEZIELLE LEISTUNGEN Basisuntersuchung bei wiederkehrenden und\/oder anhaltenden Schmerzen, z.B Bauchschmerzen, Kopfschmerzen N\u00e4chtliches Einn\u00e4ssen (Enuresis nocturna) Verstopfung\/Einkoten \u00dcbergewicht\/Adipositas Impfen<\/p>\n","protected":false},"author":1,"featured_media":0,"parent":0,"menu_order":0,"comment_status":"closed","ping_status":"closed","template":"","meta":{"footnotes":""},"_links":{"self":[{"href":"https:\/\/www.praxis-wohlgenannt.at\/2\/wp-json\/wp\/v2\/pages\/35"}],"collection":[{"href":"https:\/\/www.praxis-wohlgenannt.at\/2\/wp-json\/wp\/v2\/pages"}],"about":[{"href":"https:\/\/www.praxis-wohlgenannt.at\/2\/wp-json\/wp\/v2\/types\/page"}],"author":[{"embeddable":true,"href":"https:\/\/www.praxis-wohlgenannt.at\/2\/wp-json\/wp\/v2\/users\/1"}],"replies":[{"embeddable":true,"href":"https:\/\/www.praxis-wohlgenannt.at\/2\/wp-json\/wp\/v2\/comments?post=35"}],"version-history":[{"count":11,"href":"https:\/\/www.praxis-wohlgenannt.at\/2\/wp-json\/wp\/v2\/pages\/35\/revisions"}],"predecessor-version":[{"id":594,"href":"https:\/\/www.praxis-wohlgenannt.at\/2\/wp-json\/wp\/v2\/pages\/35\/revisions\/594"}],"wp:attachment":[{"href":"https:\/\/www.praxis-wohlgenannt.at\/2\/wp-json\/wp\/v2\/media?parent=35"}],"curies":[{"name":"wp","href":"https:\/\/api.w.org\/{rel}","templated":true}]}}